 - 302 = 60, -5*v = 2*u - 235. Let a = 28 - 13. Calculate the greatest common divisor of a and u.
15
Suppose 18 = 3*u - 36. What is the highest common divisor of u and 18?
18
Suppose -2*o = 4*r - 60, -o + 5*r + 65 = -0*o. What is the highest common divisor of 100 and o?
20
Let q be 5/2*8/10. Suppose q*a - 56 = -5*y, -6*a + a = y - 2. What is the highest common divisor of y and 12?
12
Let d be 255/10*4/6. Suppose -4*s = -5*j + 15 + 10, -s = -2*j + 7. Suppose d = a - j. Calculate the greatest common divisor of 27 and a.
9
Let l be (-5 - -13)/((-2)/(-1)). What is the highest common factor of l and 8?
4
Let z = 129 + -69. Let h be z/(1 - (3 - 3)). Calculate the greatest common factor of h and 12.
12
Suppose 5*i = 2*q + 321, -4*i - 9*q + 270 = -4*q. Let s = 4 - 1. Suppose s*a = 8*a - i. What is the highest common divisor of a and 65?
13
Let g be 16/(-6)*(-6)/4. Let s(c) = -7*c + 1. Let f be s(-4). Let l be f - ((-4)/2 + -1). Calculate the highest common factor of l and g.
4
Suppose 11*r = 7*r + 196. Suppose -7*n + 49 = -r. What is the highest common factor of 28 and n?
14
Suppose 3*h + 30 = 5*h. Calculate the highest common divisor of h and 25.
5
Let d = 25 - 16. Let i = d - 0. What is the highest common factor of 9 and i?
9
Let x(m) = m**2 + 3*m + 2. Let l be x(-3). Suppose -l*q + q + 2 = 0. Suppose -5*u - 17 - 4 = -s, 3*u = -s - 11. Calculate the highest common factor of q and s.
1
Let m = -44 - -55. Calculate the highest common factor of m and 121.
11
Let h(k) = 2*k**2 - 5*k - 1. Let x be h(4). Let n = -82 + 170. What is the greatest common factor of x and n?
11
Let y(c) = -c - 16. Let p be y(0). Let f be 6/((-51)/p + -3). Calculate the greatest common factor of f and 80.
16
Let j(v) = 7*v**2 - 6*v + 6. Let h be j(2). Let p(c) = -50*c + 4. Let t be p(-3). What is the highest common divisor of h and t?
22
Let p be 2 + 0 + (1 - 0)*229. Calculate the greatest common divisor of p and 33.
33
Let z(q) = -2*q**2 + 21*q - 2. Let v be z(9). Calculate the highest common divisor of v and 25.
25
Let x(t) = -t**3 + 10*t**2 + 11*t + 4. Let p be -11*(3 - (2 - -2)). Let r be x(p). Calculate the highest common factor of 6 and r.
2
Suppose 0*q = 5*q - 10. Suppose 3 = q*z - 15. Suppose -25 = -5*r, 0 = -v - v - r + z. Calculate the greatest common factor of 8 and v.
2
Suppose -53 = -5*g + 287. Let b = g + -13. Suppose x = -3*x + 44. Calculate the highest common factor of b and x.
11
Let j = 351 - 171. Suppose -3*b + p + j = 0, 2*p - 120 = -2*b - 0*b. What is the greatest common divisor of b and 12?
12
Suppose 2*h = 6*h - 136. What is the highest common factor of h and 51?
17
Let v(p) = p**2 + 4. Let i = -11 - -15. Let o be v(i). What is the greatest common factor of 4 and o?
4
Let y = 52 + -14. Calculate the highest common divisor of 57 and y.
19
Let w = 222 + -157. Suppose 0*f - 4*f - 5*r = -w, -f - 2*r + 17 = 0. Let u = -5 - -8. What is the highest common divisor of u and f?
3
Let q(g) = 3*g**2 + 4*g + 5. Let l be q(5). Calculate the highest common divisor of 25 and l.
25
Let s(k) = 33*k**2. Let t be s(-2). Calculate the highest common divisor of t and 12.
12
Suppose 0 = -5*k + k + 176. Calculate the highest common factor of k and 22.
22
Suppose -8*p = -2*p - 648. Suppose p = 5*j - 2*j. What is the greatest common factor of 24 and j?
12
Suppose -d + 1 = -2. Suppose -3*x - d = -12. Suppose -2*i - 8 = 0, -x*q + i = -0*q - 37. Calculate the highest common divisor of 1 and q.
1
Let w be ((-3)/(45/1280))/((-1)/3). Calculate the greatest common factor of 32 and w.
32
Let h be (-750)/(-11) + (-10)/55. Calculate the greatest common divisor of h and 102.
34
Let o(r) = 5*r**2 - 5*r + 1. Let q = 2 - -2. Let d be o(q). Suppose 0 = -h - 5*u + 36, d + 11 = 2*h + 5*u. What is the highest common factor of h and 9?
9
Suppose 3*o = 5*l + o, -5*l = 3*o. Suppose 0 = -l*w - w + 28. Let i be ((-12)/(-9))/((-1)/(-3)). Calculate the greatest common divisor of w and i.
4
Let x(r) be the first derivative of -2/3*r**3 + 3*r**4 - 1/2*r**2 - 1 - 2*r. Let j be x(2). What is the greatest common factor of 12 and j?
12
Let g(l) = l**2 + 4*l - 3. Let y be g(-5). Suppose 4*d + 5*i - 388 = 0, -d + 0*d - y*i = -100. What is the greatest common factor of d and 23?
23
Let q be (-1)/3*3*-24. What is the greatest common divisor of q and 54?
6
Let y(z) = -25*z**3 - 5*z - 2. Let k be y(-2). Calculate the greatest common factor of k and 13.
13
Let q be ((-45)/(-20))/(1/20). Suppose -3*g - 85 = 5*c, -2*c - 3 - 1 = 0. Let d be ((-6)/5)/(1/g). Calculate the highest common divisor of q and d.
15
Suppose -k = -4*z + 84, 2*k - 14 = 2*z - 56. Let t be 1 - 1 - (-4 - 17). Calculate the highest common divisor of z and t.
21
Suppose -2*u + 44 = 2. What is the highest common factor of 21 and u?
21
Let a(j) be the first derivative of -11*j**2/2 - 4*j - 3. Let g be a(-5). Calculate the greatest common divisor of 17 and g.
17
Suppose 0 = -2*c + 4*c + 4*t - 14, -2*t = 0. Calculate the highest common factor of 7 and c.
7
Suppose 7*w - 2*w = 4*i - 23, 3*i = 2*w + 26. Let f be (0 - (3 - 4)) + 107. What is the highest common factor of f and i?
12
Let i(r) = r**2 - 8*r + 19. Let s be i(7). Calculate the highest common factor of s and 156.
12
Suppose -2*c - 8 - 6 = 0. Let v be 2/(-7) + (-58)/c. What is the highest common factor of v and 80?
8
Let m = 3 - 1. Calculate the highest common divisor of 1 and m.
1
Suppose -3*f + 5*w + 380 = 0, f - 16*w + 13*w - 124 = 0. Suppose -n = 4*x - 52, 5*n + 3*x - 260 = 4*x. Calculate the highest common divisor of f and n.
26
Suppose -3*f + 57 = 4*n, 2*n - 36 = -2*f - 0*f. Calculate the highest common divisor of 135 and f.
15
Let q be 7 + -2 + -3 - 2. Suppose -m - 2*m = q. Suppose m*l + 4*l + 315 = 3*u, -l = 3*u - 315. What is the greatest common factor of u and 42?
21
Suppose -86 = -4*u + 74. What is the highest common divisor of 4 and u?
4
Suppose 3*m + 24 = 4*m. Calculate the greatest common divisor of m and 96.
24
Suppose -r + 156 = -0*r. Let c = -111 + r. What is the highest common factor of c and 15?
15
Suppose 0 = -5*s + 4*n + 785, -s + 3*n = -106 - 62. Suppose 35 = 2*j + t, 0*t - 52 = -3*j - t. What is the greatest common divisor of s and j?
17
Let u(t) = -6*t**2 + 25. Let j(r) = -r**2 - r. Let h(q) = 5*j(q) - u(q). Let l be h(18). Calculate the greatest common factor of l and 19.
19
Suppose 3*r + 22 = -u, r + 0 = -2. Let l be (-64)/(u/4) - -3. Calculate the highest common factor of 95 and l.
19
Let v(t) = -2*t + 1. Let d be v(-6). What is the greatest common divisor of 52 and d?
13
Let i(p) = 3*p**2 + 13*p - 9. Let a be i(-6). Let f be (-1 - 0) + -1 + 5. Calculate the highest common factor of f and a.
3
Suppose -2*f = -4*f + 6. Suppose -c + 3 = 6, -4*n = -f*c - 129. Suppose t = 3*t - 90. Calculate the greatest common divisor of t and n.
15
Let u(w) = 16*w + 10. Suppose -3*j = 2*j - 45. Let n be u(j). Let k(t) = 15*t**2 + t. Let f be k(-1). What is the highest common factor of f and n?
14
Let p(m) = 3*m**3 + m**2 - 4*m + 8. Let y be p(2). Calculate the highest common divisor of y and 70.
14
Let n = 52 - -8. Calculate the greatest common divisor of 12 and n.
12
Suppose -3*j - 60 = -3*a, 5*a + 2*j = -0*j + 72. Suppose z - 161 = 5*m, 2*m - m = -2*z + 355. Calculate the greatest common factor of a and z.
16
Suppose -3*v = -v - 40. What is the greatest common divisor of 10 and v?
10
Let h be 24/16 - 15/(-2). What is the greatest common divisor of h and 36?
9
Let i = -22 - -7. Let f be (-3)/i + (-1482)/(-15). Calculate the highest common factor of f and 11.
11
Let x = 50 + 60. What is the greatest common factor of 22 and x?
22
Let f(w) = w**2 - 1. Let d be f(2). Calculate the highest common divisor of d and 27.
3
Let n be (-2 - -1)*5*-1. Let v(m) = -3*m**3 - 3*m**2 + 5*m + 13. Let l be v(-2). Calculate the greatest common factor of n and l.
5
Suppose -3*i = i. Suppose 0 = -2*v + 3*o - i*o + 16, -v + 34 = 5*o. Calculate the highest common divisor of v and 56.
14
Suppose 5*o + 2 + 28 = 0. Let b be 126/(o/2)*-1. Let r(v) = -v**3 + 3*v**2 + 2*v. Let l be r(3). Calculate the greatest common divisor of l and b.
6
Let b = -32 - -41. Suppose t + 50 = 5*c - 4*t, 2*t + 11 = c. What is the highest common divisor of c and b?
9
Let i(f) = -f**3 + 5*f**2 + 2*f - 4. Let h be i(5). Let l = h - 0. Calcul